28212. What is the units digit of f?
0
Let u = 5142 - -375. Suppose -5*b + u - 2217 = 0. Suppose -2*a + b = a. What is the hundreds digit of a?
2
What is the hundreds digit of (103 + 0)/(216/12744)?
0
Suppose 4 - 12 = -4*o. Suppose 38 + 150 = o*c. Suppose -c = -8*r + 634. What is the tens digit of r?
9
Suppose 2*k - 10378 = -r, -5*k + 26*r = 28*r - 25947. Suppose -3551 = -6*z + k. What is the thousands digit of z?
1
Suppose 21 - 45 = -8*w. Suppose -g = 3*u - 14, -g + 5*u = w*g + 12. What is the hundreds digit of g/9 - 3/(27/(-2149))?
2
Let n be ((-91)/(-28))/((-6)/48). Let z(x) = 8*x**2 - 20*x + 3. Let w be z(6). Let g = n + w. What is the units digit of g?
5
Let i be (-2)/10 + 4552/(-40) + 1. Let f = i - -193. What is the tens digit of f?
8
Suppose 0 = -99*k + 94*k - 30. Let r(z) = 7*z**2 - 18*z - 2. What is the units digit of r(k)?
8
Suppose 2*n = 6*n - o + 840, 4 = o. Let a be 2*(-301)/2 + 1. Let z = n - a. What is the tens digit of z?
9
Let d = -788 - -801. Suppose -3*q = 3*i - 1494, -14*i + d*i + 482 = 5*q. What is the hundreds digit of i?
5
Suppose 17*y - 351705 = 337611. What is the units digit of y?
8
Let j = 15984 + -7219. What is the thousands digit of j?
8
Let g = -124 - -32. Let o = 93 + g. Let d(j) = 77*j**3 + 2*j**2 - j - 2. What is the tens digit of d(o)?
7
Let j = 314 - 299. Suppose -3848 - 3937 = -j*a. What is the units digit of a?
9
Suppose 289*u + 18134 = 271*u + 74528. What is the tens digit of u?
3
Let w(k) = 22*k**3 + 2*k**2 - k. Let x be w(2). Let p(j) = -6*j**2 + 9. Let o be p(0). Suppose -x = -o*f + 7*f. What is the tens digit of f?
9
Suppose -2227 = -25*h + 26548. What is the units digit of h?
1
Suppose -8*c + 4*c + 2*s = -71442, 2*s = 5*c - 89305. What is the units digit of c?
3
Suppose 3*k - 4*k + 3 = 0. Let w(h) = h**3 - 3*h**2 + h. Let d be w(k). Suppose 0 = -4*f - 4*c + 432, -d*c + 355 = 5*f - 185. What is the tens digit of f?
0
Let p be -2 + 37 - (3 - 3). Suppose -p*y - 1242 = -36*y. Suppose 28*a + y = 34*a. What is the tens digit of a?
0
Suppose -4*f + 204 = -2*f. Suppose -4*l + u = -u - f, -15 = 3*u. Suppose -2*y - 9 = -l. What is the units digit of y?
7
Let j = 47 - 115. Let s = 497 + -334. Let a = j + s. What is the units digit of a?
5
Let i(a) = -a**2 + 21*a + 164. Let c be i(27). Suppose -5584 = -c*d - 6*d. What is the hundreds digit of d?
6
Let j = 36 + -34. Suppose -3*a + 0*a - 2*d = -24, -3*d = -j*a + 3. Let n(r) = -r**3 + 6*r**2 + 12*r - 10. What is the tens digit of n(a)?
6
Let c = 1670 - 816. Suppose 7*n - 21*n = -c. What is the tens digit of n?
6
Let d(n) = -n**3 - 9*n**2 - 7*n + 20. Let c be 4/5 + (-1320)/150. What is the units digit of d(c)?
2
Suppose -20699 = -471*y + 464*y. What is the thousands digit of y?
2
Let h(t) = -27 + 22*t + t**2 + 32 - 18. Let c be h(-14). Let u = -23 - c. What is the hundreds digit of u?
1
Let a be (-3)/6 - (2 + 195/10). What is the tens digit of 20/(-110) + (-8034)/a?
6
Suppose -2*v + 3 = -d, 2*d = 2*v - v. Suppose 3*o + 11 = v, 3*o = -2*f - 9. Suppose f = 5*b + 2*r - 125, 0 = b + b + 5*r - 71. What is the tens digit of b?
2
What is the units digit of -7 - (6/(-14 + 8) - 5368)?
2
Let k(y) = 93*y**2 + 347*y + 4041. What is the units digit of k(-11)?
7
Suppose -l - 81 = -2*j - 8, 3*j + 3*l - 132 = 0. Suppose 3*i + 9 = -5*r, -3*i - 5*r - 5 = 2*i. Suppose -j + 235 = i*t. What is the tens digit of t?
9
Suppose 1985*v - 2034*v + 2704604 = 0. What is the units digit of v?
6
Suppose -2387 = -3*d + 955. Suppose 0 = 3*i - 3*q - d - 197, -q = 0. What is the tens digit of i?
3
Suppose 42*a + 298930 = 1405226 + 2717930. What is the thousands digit of a?
1
Let p be (96/336)/(2/56). What is the units digit of ((-256)/p + 8)/((-6)/9)?
6
Suppose 0 = 12*h - 10694 + 506. What is the units digit of h?
9
Suppose 31 = -3*h + 1486. Let z = -186 + h. What is the hundreds digit of z?
2
Let z be 6/4*4*1626/12. What is the tens digit of (-10 - (-3)/3) + z?
0
Suppose 0 = 4*r - 3*s - 284, 0 = 3*r + s - 125 - 101. Suppose -72*b = -r*b + 1078. What is the units digit of b?
9
Suppose -35*i + 37*i + 92682 = 11*i. What is the ten thousands digit of i?
1
Let u(s) = 4*s + 21. Let t be u(-4). Suppose t*k - 631 = 54. Let i = k - 85. What is the tens digit of i?
5
Let r = 42612 - 27128. What is the tens digit of r?
8
Let y = 2761 - 626. Suppose -d - 425 = -2*d + 3*c, -5*c = -5*d + y. Let t = d - 156. What is the tens digit of t?
7
Let x(s) = -s**3 - 11*s**2 - 8*s + 20. Let c be x(-10). Suppose 3*l - 3*f + 24 = -l, c = 4*l + 3*f. Let a(k) = -63*k - 11. What is the hundreds digit of a(l)?
1
Let z(o) = o**3 + 43*o**2 - 56*o + 209. What is the thousands digit of z(-43)?
2
Suppose 49685 = -8*s + 12069. Let o = -3006 - s. What is the thousands digit of o?
1
Let p = -175 + 183. What is the tens digit of (-602)/(-4) + 1*p/(-16)?
5
Suppose 0 = -2*b - 3*d + 36202, -10*b + d = -4*d - 180890. What is the units digit of b?
2
Let i(l) = -64*l - 7. Let g(v) = v - 1. Let s(m) = -6*g(m) + i(m). Let r be s(1). Let j = -35 - r. What is the units digit of j?
6
Suppose 28 + 24 = 4*l. Suppose -l*f + 8*f = -15. What is the units digit of f/(-6) + 495/6?
2
Let c(o) = 3*o + 17. Let i be c(-4). Suppose 2*z + 2*q = -20, -i*z - q - 42 = -0*q. Let d(r) = -r**2 - 9*r + 13. What is the units digit of d(z)?
1
Suppose -511494 - 228439 = -67*y + 32644. What is the hundreds digit of y?
5
Let a(w) = 55*w - 118. Let c be a(-4). Let q = 804 + c. What is the tens digit of q?
6
What is the thousands digit of (1818/30)/((-42)/(-7420))?
0
Let q = 46889 - 24755. What is the thousands digit of q?
2
Let j(h) = -39*h + 4. Let d be j(10). Let u = 660 + d. Let p = -80 + u. What is the hundreds digit of p?
1
Let d(a) be the second derivative of 27*a**5/20 + 2*a**4/3 - 2*a**3 + 3*a**2/2 + 94*a. What is the tens digit of d(3)?
6
Let v = -2343 - -1142. What is the tens digit of 38/(-209) - v/11?
0
Suppose 5*p = -2*c + 4, -2*p + 0 = c - 1. Let o be 1 + 3/p*2. Suppose 13 = -y + 4*f, y - 23 = -9*f + o*f. What is the units digit of y?
3
Suppose 0*d = -4*d + 2*h + 19970, -d + 4970 = 2*h. What is the hundreds digit of d?
9
Let l(x) = -3*x**2 + 9*x - 2. Let g(n) = -4*n**2 + 10*n - 3. Let f(s) = 2*g(s) - 3*l(s). Let r be f(3). What is the units digit of ((-438)/r + 3)*(-4)/(-2)?
9
Let u(a) = a**3 - 2*a + 4. Let o be u(2). Let l(p) = p**2 - 7*p - 1. Let z be l(o). What is the units digit of 6318/91 - 3/z?
9
Suppose -7892805 = -130*h - 80*h + 13*h. What is the tens digit of h?
6
Let a = 13721 + -7141. What is the units digit of a?
0
Let u(g) = 35*g + 258. Let x be u(-6). What is the hundreds digit of 38406/x - (-7)/(-56)?
8
Let w be (-2)/4 + 17/2. Let v(j) = 16*j**3 - 23*j**2 - 22*j - 1. Let d(c) = 7*c**3 - 11*c**2 - 8*c. Let x(t) = 7*d(t) - 3*v(t). What is the units digit of x(w)?
3
Let t be (-396530)/38*2/(-5). Suppose -t = -4*s - 5*q, 3*q = 11*s - 6*s - 5199. What is the units digit of s?
1
What is the units digit of (62528/(-192))/(2/(-36))?
2
Let g(z) = 1394*z**2 + 110*z - 412. What is the ten thousands digit of g(4)?
2
Suppose 0 = 49*v - 436181 - 164925 - 138696. What is the hundreds digit of v?
0
Let u = 28513 - 14849. What is the thousands digit of u?
3
Suppose -1383 = 21*b + 738. Let h = 238 + b. What is the hundreds digit of h?
1
Suppose -17*v + 119035 + 24785 = 0. What is the tens digit of v?
6
Suppose 0 = 3*z - b + 6*b - 502, 4*b = 2*z - 320. Let j = -104 + z. What is the units digit of j?
0
Let u(f) = 176*f**2 - 3*f - 513. What is the ten thousands digit of u(13)?
2
Let l(o) be the second derivative of o**5/20 + 13*o**4/12 + o**3 - 13*o**2/2 - 26*o. What is the hundreds digit of l(-10)?
2
Let b(f) = -51*f - 62. Let v(q) = 153*q + 185. Let z(r) = -7*b(r) - 2*v(r). What is the hundreds digit of z(10)?
5
Let b = 2 + 6. Let j(t) = -t**2 + 6*t + 25. Let g be j(b). Suppose -g*z + 805 + 320 = 0. What is the hundreds digit of z?
1
Let l(r) = 23*r + 33. Let g be (-91)/(-14) - (-2)/4. Let t(v) = -35*v - 49. Let k(y) = g*l(y) + 5*t(y). What is the tens digit of k(-8)?
9
Suppose k = 4*m - 7412, 0 = 19*m - 15*m + k - 7420. What is the units digit of m?
4
Let n(i) = -4*i + 7. Let f be n(1). Let b(m) = -3*m**2 + 9*m + 3. Let c be b(f). Suppose 107 + c = 2*d. What is the tens digit of d?
5
Suppose 3753 + 18900 = 2*p + q, 2*q = -p + 11331. What is the units digit of